p). Give d(1).
7
Suppose -2*q + c - 15 = q, 4*c = 2*q. Let z(g) be the third derivative of g**6/120 + g**5/12 - g**4/8 - g**3/6 + 12163*g**2. Determine z(q).
-19
Let v(j) = 292*j + j**3 + 26*j**2 + 16 + 16*j**2 - 57*j**2 + 15 - 280*j. Determine v(14).
3
Let n(l) = -2*l**2 + 1. Suppose -2*h + 1 = 3*k - 12, 0 = 3*k + h - 8. Suppose 5*r - m + 4 = 0, -3*r = 10*m - 14*m - k. What is n(r)?
-1
Let b(a) = a**2 - 12*a + 21. Suppose 0 = 143*f - 134*f - 63. Suppose 4*t - f = y, -2*t - 8 = -4*y + 20. Determine b(y).
-6
Let i(y) = -26*y**2 + 18*y + 105 + 13*y + 8836*y**3 - 8837*y**3. Give i(-27).
-3
Let k(x) = -x**3 - 15*x**2 - x - 12. Let i be k(-15). Suppose 2*z + 4*p = -4, -2*p - 2 = 5*z - 8. Let q(u) = 2 - 1 - 3 + z*u - 3*u - 2*u**2. Determine q(i).
-23
Let s(p) = -2*p + 21. Let w(f) = 3*f**2 + 18*f + 28. Let n be 15/10*2 - (8 - 0). Let z be w(n). Give s(z).
-5
Let w be 2/(-3) + (-4)/12. Let t(n) = -6*n**2 + 4. Let a(p) = 6*p**2 - 3. Let u(x) = 3*a(x) + 2*t(x). Calculate u(w).
5
Let t(c) be the third derivative of -40*c**2 - c**3 + 0 + 0*c + 1/30*c**5 + 11/24*c**4. Give t(-6).
0
Let b(h) = -24*h - 43. Let s(n) = 13*n + 18. Let a(l) = 2*b(l) + 5*s(l). Calculate a(-3).
-47
Let w(q) = -58*q - 135. Let i be w(-2). Let m(j) = j**3 + 18*j**2 - 19*j - 7. Determine m(i).
-7
Let c(f) = f. Suppose 4*p - 8 = -0*p. Let h be -2 + -4 + 12/p. Suppose 3*i + h*i = 6. Calculate c(i).
2
Let a be (-10)/5 - (-2 - 0 - 2). Let f(q) = -3482 + 3491 + 0*q**2 - q**2 - a*q. Give f(-4).
1
Let m(h) = -h**3 - 13*h**2 - 8*h - 2. Let u(k) = -1897*k + 9472. Let v be u(5). What is m(v)?
102
Let c(l) = l**3 - 3*l + 1. Let d = -72 - 47. Let k = -115 - d. Suppose 0 = k*h + h, b - 2 = 4*h. Give c(b).
3
Let x(f) = -f + 2. Let l = -368 + 370. Let y(j) = j - 4. Let a(g) = l*y(g) + x(g). Give a(-3).
-9
Suppose 4*z + 16 = -3*h + 50, -5 = -h + 5*z. Let w(s) = h - 63*s + 121*s - 56*s. Give w(-5).
0
Let l(u) = -5*u**2 + u**3 + 13 + 3*u - 3 + 3*u**2 - 7 - 8. What is l(2)?
1
Let d(p) = p + 127. Let c(h) = 52. Let r(i) = 5*c(i) - 2*d(i). Determine r(17).
-28
Let x(r) = 29*r**3 - 7*r**2 - 2*r**2 + 5 + 19*r + 0*r**2 - 14*r**3 - 14*r**3. Give x(4).
1
Let h(k) = 2116*k + 2110*k - 4221*k + 132. Determine h(-27).
-3
Let m(t) = -t**2 - t + 5. Let r be -5 - -8 - (-2 - (-9 - -1)). What is m(r)?
-1
Let i be (-1 + -49)/(9/(-45)). Let r = 249 - i. Let o(a) = a**3 + a**2 - 1. Calculate o(r).
-1
Let q(x) = -2*x**3 + x**2 - 1. Let w(d) = d**2 - 3*d - 37. Let k be 4/(-14) + (-66)/14. Let a be w(k). What is q(a)?
-46
Let a(h) = -2*h**2 - 18*h - 9. Let x be a(-8). Suppose -x*k - 69 = -55. Let v(b) = 6*b**2 + 2*b + 1. Calculate v(k).
21
Suppose -22 = -5*v + 3, 3*x - 365 = -v. Suppose 0*w = 20*w - x. Let p(m) = m**3 - 7*m**2 + 2*m + 6. Give p(w).
-18
Let w(y) = 3*y + 9. Let n = -21 + 15. Let d(b) = 6*b + 18. Let z(v) = n*d(v) + 13*w(v). Give z(-4).
-3
Let j(g) = 45*g + 355. Let d(f) = -3*f**2 + 1087*f + 2178. Let p be d(-2). What is j(p)?
-5
Let g(b) = b**3 - 3*b**2 - 5. Let v be (70 + -56 - (-4)/(-1))*(-10)/(-25). Determine g(v).
11
Suppose 18 = -104*t + 110*t. Let c be (6/4)/(t + (-35)/10). Let v(i) = -10*i - 1. Give v(c).
29
Let q(d) = 561 - 47 - 500 - 5*d. Determine q(-6).
44
Let a(n) = n**2 - 7*n + 9. Let x(j) = -4*j + 19. Let m be x(4). Suppose -m*f + 111 = -0*f. Let c = f + -30. Calculate a(c).
9
Let x(j) = -j**2 - 5*j + 28. Suppose 366*n + 1062 = 248*n. Determine x(n).
-8
Let t(f) = -f**3 - 7*f**2 - 9*f - 7. Let g(l) = 4*l**3 + l**2 + 3*l - 3. Let p be g(1). Suppose 58 - 48 = p*s. Let j be -5 - (-4 + 3 + s). Determine t(j).
11
Let m(s) = -s**3 + 6*s**2 + 28*s - 6. Let c be m(9). Let o(d) = -3 + 2*d**2 + 0*d**3 + d**3 - d**2 - 2*d**c. What is o(0)?
-3
Let y(g) = -40 + 10*g**2 + 11 + g**3 + 15*g + 43. Determine y(-9).
-40
Let d(t) = t - 2. Let r(h) = -1 - 5*h + h**2 - 37 - 16 - 11*h. Let z be r(19). Give d(z).
1
Let u(w) = -97 + 289 + 198*w - 202*w - 95 - 102. What is u(-4)?
11
Suppose k = 2*k - 85. Suppose -5 - k = -5*x. Let u(h) = -9*h**3 + 4*h**2 - 8*h**3 + x*h**3 + 4*h + 2. What is u(-2)?
2
Let a(o) = 208*o**3 - 3 - 3*o - 410*o**3 + 203*o**3. Let p be -1 + -3 + 5 + -3. What is a(p)?
-5
Let q(n) be the third derivative of 1/60*n**5 + 0*n + 0 + 2/3*n**3 + 5*n**2 + 1/6*n**4. Let r(s) = -s + 6. Let p be r(9). Give q(p).
1
Suppose -3*o = 4*m - m - 15, -o - 4*m = -8. Let l(c) = 6*c + o - 5 + 1 + 1. Let q(v) = -3*v. Let a(u) = 3*l(u) + 5*q(u). Determine a(-3).
-6
Let x(h) = h + 3. Let v(w) = -2*w**2 + 31*w + 24. Let s(n) = -v(n) + 5*x(n). Give s(13).
-9
Let o(z) = -z**2 + 4*z + 2. Let b be o(3). Suppose 2*p - 4 = 0, -3*p + 2*p = -b*m + 23. Let j(n) = 6*n + 4 - 2*n - m. What is j(1)?
3
Let a(l) = 7*l**3 - 3*l**3 - 99505 - 4*l**2 + 99504 + 3*l. What is a(1)?
2
Let w(t) be the second derivative of 3*t**5/20 - 7*t**4/12 - t**3/6 + 3*t**2/2 + 1263*t. Determine w(2).
-3
Let u(c) be the third derivative of -c**4/24 - c**3 + 3*c**2. Let a = 710 + -710. What is u(a)?
-6
Suppose -6 = 2*l - 5*z, 5*l - 4*l + 3*z = 19. Let y(i) = i**2 + 12*i**2 - 5*i**2 + l - 5*i**2 - 4*i**2. Give y(3).
-2
Let g(d) = -4*d**2 + 26328*d + 2 - 26328*d - 1. Let q(n) = -2*n - 12. Let i be q(-8). Suppose -5*o = k - 4 - i, 10 = o + 3*k. Give g(o).
-3
Let r(k) be the third derivative of -37*k**4/6 + 593*k**3/6 - 12*k**2 - 201*k. Give r(4).
1
Let h(w) = -59*w**2 - 3189*w - 161. Let k be h(-54). Let u(t) be the third derivative of 43*t**4/24 - t**3/6 + t**2. Calculate u(k).
42
Let o(u) be the third derivative of -u**4/8 - 13*u**2. Let l(m) = -83*m + 2742. Let n be l(33). Calculate o(n).
-9
Let s(f) = 562 + 588 - 1123 - 9*f. Calculate s(5).
-18
Let k(s) = -20*s - 9. Let d be k(-3). Let f = -148 + d. Let m = 98 + f. Let y(c) = -7*c**3 + 2*c**2 - c. Determine y(m).
-6
Let b(s) = -s**3 + 9*s**2 - 9*s - 38. Let l(r) = -r**3 + 22*r**2 - 15*r - 119. Let x be l(21). What is b(x)?
-3
Let f(d) = -d**2 - 13*d - 33. Let j be f(-9). Let g(s) = -5 - 8*s + j + 10*s. Let w = 4 + -2. Calculate g(w).
2
Let s(l) = -3*l - 11. Let n(w) = -29*w + 84. Let a(t) = n(t) - 4*s(t). Give a(8).
-8
Suppose -8 = 20*d + 21*d - 45*d. Let f(z) = 8*z - 20. Give f(d).
-4
Let m(o) = -15*o - 862. Let b be m(-58). Let l(w) = -w**2 + 11*w - 4. What is l(b)?
20
Let i(b) = b**2 + 1. Let m(r) = r**3 - 9*r**2 + r - 8. Let j(w) = -5*i(w) - m(w). Let o(z) = 4*z - 8. Let h be (1/3*-1)/((-3)/27). Let k be o(h). What is j(k)?
-1
Let h(o) = -o - 5*o**2 + 6*o**2 + 8*o - 6 + 2. Suppose 3*i = 12, 0 = -0*l - 2*l + 5*i + 34. Suppose 3*a = p - l, 23*a - 22*a + 17 = 3*p. Calculate h(a).
4
Let j(k) = 121*k + 4085. Let q be j(-34). Let y(m) = -4*m**2 - 117*m - 25. Determine y(q).
4
Let j(g) = -16*g**3 - g**2 + g + 3. Let d be j(-3). Suppose 0 = p - 10*p + d. Let y(h) = -40 - p + 77 + 7*h + h**2. What is y(-9)?
8
Let y(s) = 6*s + 1. Suppose 5*v - 14 = m, -8 = 4*m + 3*v - 67. Suppose 0 = m*c - 10*c. Suppose 2*u = -2*z - 4, -12 = 4*u - c. Calculate y(z).
7
Suppose 0 = -m - m + 8. Suppose -m*x + 1528 = -260. Let r(o) = -o + x - 887 + 440 - 7*o**2. Determine r(1).
-8
Let y(m) be the second derivative of -m**4/4 - 2*m**3/3 - 2*m**2 + 19*m. Let s be y(-2). Let z be 1/(s/(-12) - 1/2). Let n(j) = j**2 - 4*j - 7. Determine n(z).
5
Suppose 29*s + 419 = 477. Let u(j) = -20*j**2 - 2*j + 2. Calculate u(s).
-82
Suppose 0 = 152*s - 60 + 108 + 256. Let q(t) = -9*t**2 - 9. Let y(h) = 4*h**2 + 4. Let x(i) = -3*q(i) - 7*y(i). Calculate x(s).
-5
Let h(z) = -987 + 32*z - 991 + 1999 + z**2. Give h(-30).
-39
Let v(t) = t**2 - 4. Suppose -38*o + 8 = -34*o. Suppose 0 = q + 4, -2*q - o = 4*y - 14. Suppose 5*i - 10 = 5*m, -i = m + y + 3. What is v(i)?
5
Let o(b) = -34*b - 332. Let m(v) = 5*v + 46. Let y(u) = 15*m(u) + 2*o(u). Give y(-5).
-9
Let x(b) = 7*b - 2*b - 4*b + 4*b - 4*b. Let w(s) = s**2 - 17*s + 24. Let g be w(15). What is x(g)?
-6
Let h(m) be the first derivative of m**4/4 - 11*m**3/3 + 4*m + 87. Determine h(11).
4
Let f = 566 - 561. Let m(c) = -4*c**2 - 9*c + 12. Let o(g) = -3*g**2 - 7*g + 10. Let a(p) = f*m(p) - 6*o(p). What is a(-4)?
-20
Let f be (-18)/(-4) - (152/912)/((-1)/(-27)). Let v(z) = -z + 1 + 1 - z**3 + 0*z**3. Determine v(f).
2
Let f(m) be the second derivative of -m**3/2 - m**2/2 - 7668*m. Let l = 2 - 5. Let z be ((-4)/(-6))/(l/9). Give f(z).
5
Let s(w) = 2*w**3 - w**2 - w - 1. Let c be s(2). Let l(b) = 6*b**2 - 2